x - 4. What is the highest common divisor of u and x?
1
Let s = -5 + 11. Suppose 2*i - 2*j = i - 4, -3*i - 4*j + 38 = 0. Calculate the highest common divisor of i and s.
6
Let u(o) = -o**3 - 5*o**2 + o + 7. Let r be u(-5). Suppose -4*p = -4*g + 28, 1 = p - r*p. Suppose g + 66 = 2*z. Calculate the highest common factor of z and 12.
12
Suppose -x - 464 = -5*x. Suppose -x = -u + 5*p, 4*p = u - 4*u + 386. What is the greatest common divisor of 14 and u?
14
Let s be ((-4)/8)/(2/(-16)). Suppose -s*g - 6 = -3*g. Let f be (-3 - g)*-1 + 47. Calculate the highest common factor of 4 and f.
4
Let b(d) be the first derivative of d**2 - 9*d - 2. Let g be b(11). Let o be (-1051)/(-9) + (-4)/(-18). What is the highest common factor of g and o?
13
Let a be 32 + (2 - -1) + -1. Suppose 4*z + 3*h = a, z + h = -0 + 8. Let v(r) = 15*r. Let y be v(1). Calculate the highest common factor of y and z.
5
Suppose -d = 7 + 14. Let u = -5 - d. What is the highest common factor of 128 and u?
16
Suppose -4*z - 5*h + 230 = 0, 5*z - 2*h - 3*h - 310 = 0. Calculate the greatest common factor of 36 and z.
12
Suppose 4*j = -3*d + 66, -2*d - 84 = -5*j - 5*d. Suppose j = -0*x + x. Calculate the greatest common factor of 45 and x.
9
Suppose -5*g + 450 = -4*j - 290, -4*g - 4*j + 628 = 0. What is the highest common factor of g and 8?
8
Let g(y) = -8*y - 27. Let p be g(-9). What is the highest common factor of p and 15?
15
Suppose -4*i - 3*v = -0*v - 36, 0 = 5*v + 20. Let y(f) = -f + 11. Suppose 0 = -2*h - 2*h + 20. Let x be y(h). What is the highest common factor of i and x?
6
Suppose 5 = m - 4*r - 21, -4*m + r = -119. What is the highest common divisor of 20 and m?
10
Let n(d) = -16*d - 2. Let u be n(-2). What is the greatest common divisor of u and 10?
10
Let g be -76*(1 + 3/(-1)). Suppose -2*z = 2*z - 2*k - 128, g = 4*z + 4*k. Suppose 128 + z = u. What is the highest common divisor of 18 and u?
18
Let f = 50 + -41. Calculate the highest common divisor of 72 and f.
9
Let n be -2*29/(-2) + 1. Suppose -49 = -2*c + c. Suppose 4*m + 2*i - 5*i - 174 = 0, 2*i - c = -m. What is the greatest common factor of m and n?
15
Suppose 4*o = o - 456. Let f = o + 305. Calculate the highest common factor of f and 17.
17
Suppose -22 = 4*s - 2*m, s + 3*m + m = -1. Let w = s - -33. Calculate the highest common divisor of w and 7.
7
Suppose -26 = -2*p - 5*s, 5*p + s - 54 = -12. Let u = 29 + 27. Calculate the highest common divisor of u and p.
8
Suppose 4*r = -5*o + 163, -80 = -2*r - 2*o + 2. Calculate the greatest common factor of 6 and r.
6
Let x be (-1 - -2)/((-2)/(-8)). Let b be x/6 - 170/(-15). Calculate the highest common divisor of b and 48.
12
Suppose 0 = d + 4 - 8. What is the greatest common divisor of d and 3?
1
Let d be (-4)/30 - (-694)/30. Calculate the highest common divisor of d and 23.
23
Suppose -5*d - 69 = -s + 5*s, -4*s = 2*d + 78. Let k be (-2)/(-3) + s/(-9). Calculate the highest common factor of k and 3.
3
Suppose -x = 2*x - u - 385, -4*x + 515 = -u. Let n = 31 + -5. Calculate the highest common factor of x and n.
26
Suppose -2061 = -17*k - 225. Let d = 1 - -4. Let r be (-4)/(-10) - (-58)/d. What is the highest common divisor of r and k?
12
Let x = -34 - -45. Calculate the greatest common divisor of 352 and x.
11
Suppose -3*i + 2*q + 15 = 0, -q - 3*q = 0. Let d(t) = -9*t + 1. Let o be d(-6). What is the highest common divisor of i and o?
5
Suppose -3*r - 3*s + 65 = 2*r, -r - 2*s = -20. What is the highest common divisor of r and 5?
5
Let f = -422 + 807. Calculate the greatest common divisor of 35 and f.
35
Suppose 0 = -2*s + 13 + 15. Calculate the greatest common factor of 35 and s.
7
Let x(m) be the third derivative of m**5/60 + m**4/8 + 2*m**3/3 - 2*m**2. Let f be x(-6). Let i = f - 11. What is the highest common divisor of i and 121?
11
Suppose 554 + 646 = 15*b. Let m = 39 + -19. What is the highest common factor of m and b?
20
Let h(q) = -q**3 - 11*q**2 - 10*q + 8. Let m be h(-10). Suppose 3*r - 4 = -r. What is the highest common divisor of m and r?
1
Let l be (0 + -6)*(-3)/(-2). Let t be (-232)/(-12) - 6/l. What is the greatest common divisor of t and 80?
20
Suppose -f - 2*f + 6 = 0. Suppose 4*i = 2*l - 36, 4*l - 51 = -4*i + 5*i. Let z be (-6)/l + 7/f. What is the greatest common factor of z and 27?
3
Suppose -12*p - 3*l + 30 = -7*p, 0 = 2*l - 10. What is the highest common factor of 27 and p?
3
Let u = 6 + 0. Let g be 2/6 - (-130)/u. Let l = 83 - 50. What is the highest common factor of g and l?
11
Let z = -17 - -19. Suppose 4*r - 5*r = -4. Calculate the greatest common factor of z and r.
2
Let h(i) = i**3 + 3*i**2 + i - 1. Let x be h(-2). Let r(z) = 601*z**2 - 1. Let y be r(x). Suppose 0*u = 5*u - y. What is the highest common factor of 15 and u?
15
Let n be (-1 + 58/(-10))/((-6)/15). Calculate the highest common factor of 51 and n.
17
Let r = -6 - -15. Calculate the greatest common factor of 99 and r.
9
Suppose 3*b - j - 10 = 0, 0*b - b + 6 = -j. What is the highest common factor of 2 and b?
2
Let i = 95 - 47. Let q = i - 26. What is the highest common factor of q and 66?
22
Suppose 0*v = 4*v - 160. Let n = -10 - -16. Let u be ((-40)/n)/((-4)/6). What is the highest common divisor of u and v?
10
Let f be 12/9*3 - -51. Suppose -6*j + j + 110 = 0. What is the greatest common factor of j and f?
11
Let x be (1 - -10)/((-2)/(-6)). What is the greatest common divisor of x and 66?
33
Let h(g) = -g**3 + 11*g**2 - 15*g - 12. Let a be h(9). What is the highest common divisor of 10 and a?
5
Suppose 0 = 4*r - 30 - 42. Let x = -16 + r. What is the highest common divisor of x and 22?
2
Let o = 30 - 21. Let l(x) be the third derivative of x**5/30 + 3*x**4/4 + 3*x**3/2 + 4*x**2. Let k be l(-12). Calculate the highest common divisor of o and k.
9
Suppose -2*x - 3 - 3 = 0. Let g be (-10)/(-3) - x/(-9). Suppose -g*o = o - 8. What is the highest common divisor of 14 and o?
2
Suppose -4*t + 126 = -146. Suppose t = 4*a - 76. Calculate the greatest common factor of 24 and a.
12
Let b = -7 + 11. Suppose 4*k = b*f - f + 20, -k = -5. Suppose f = -n - 2, -a - a + 14 = 2*n. What is the highest common divisor of 6 and a?
3
Let r(a) = -2*a**3 - 6*a**2 + 7*a + 1. Let n be r(-5). Let i = -29 - -14. Let d be 399/9 - (-5)/i. What is the greatest common divisor of n and d?
22
Let b(h) = h**2 - 22*h - 70. Let f be b(25). Suppose 3*c = 5*o - 97, -o + 0*c = c - 21. What is the greatest common divisor of o and f?
5
Let q be (-3)/((-2)/10 + 0). Suppose -2*d + 41 + 9 = 0. Suppose d = -3*a + 8*a. Calculate the greatest common divisor of a and q.
5
Let m be 504/4*(-3)/(-6). Let h be 1/(2/(-6)) + m. Suppose -h = -3*l - l. Calculate the highest common divisor of 165 and l.
15
Let u(a) = 13*a + 4. Let x(l) = 27*l + 9. Let t(j) = 13*u(j) - 6*x(j). Let z be t(4). Calculate the greatest common factor of z and 13.
13
Suppose -80*o = -77*o - 39. Calculate the highest common divisor of o and 39.
13
Let q(t) = -9*t + 4 - 9 + 11*t**2 + t**3 + 1 - 4. Let i be q(-11). Suppose 3*m = -2*j + 35, -j - j = 2*m - 22. What is the highest common factor of i and m?
13
Suppose k - 10 = 3*w, -30 = -2*k + 5*w - 9. Calculate the highest common factor of k and 104.
13
Let t = 11 - 11. Suppose -4*n = 5*o - t*n - 470, -5*o + 510 = -4*n. What is the greatest common divisor of 14 and o?
14
Let b(d) = -d**2 + 1 - 5 - 2 - 8*d + 4. Let m be b(-6). What is the highest common divisor of m and 30?
10
Suppose -3 = 3*w - 6*w. Suppose 4*m + w = 17, -3*m + 37 = 5*c. Let u = 20 + c. What is the highest common factor of u and 25?
25
Let q(p) = 10*p**2 - 2*p + 1. Let j be q(2). Let s = j - 21. Calculate the highest common factor of 112 and s.
16
Suppose 4*s = 3*s - 2*t + 83, -161 = -2*s + t. Let z = s - 36. Calculate the greatest common factor of z and 15.
15
Suppose t + 4*t - 20 = 0. Let g be (-1 - -1)/(t - 2). Suppose 5*o + 9 - 284 = g. What is the highest common divisor of 22 and o?
11
Suppose -5*i + a = -2*a - 8, 2*i + 8 = 4*a. Let c = 14 - i. Let s = -85 + 125. What is the greatest common divisor of c and s?
10
Let y = 0 - -11. Let i(z) = -9 + z + y + 2*z. Let l be i(3). What is the highest common divisor of l and 33?
11
Suppose 5*g - 80 = -4*z, -8*z - 4*g + 91 = -3*z. Let n be ((-86)/6 + 1)*-9. Calculate the highest common factor of n and z.
15
Suppos